e factors of y(-13).
2, 31
Suppose -5*m - 20305 = -5*a, 5*a + 2*m - 1574 - 18696 = 0. List the prime factors of a.
2, 3, 13
Suppose -931 = -2*w + 5*k, 3*k + 2299 = 2*w + 3*w. Let i = 1038 - w. What are the prime factors of i?
2, 5, 29
Suppose -60*r = -64*r + 12. Suppose -c - n + 71 = c, -2*c + 61 = r*n. Suppose 0 = -5*q + 4*q + c. What are the prime factors of q?
2, 19
Suppose 0 = 5*u - 5*r + 1785, 6*u - r = 10*u + 1418. Let j = u - -422. List the prime factors of j.
67
Suppose -3*t + o = -97, 15*o - 19*o = t - 15. What are the prime factors of (1029 - -1)/(-29 + t)?
5, 103
Let j be (-646308)/(-33) + 4/(-44). What are the prime factors of 4/(-58) - j/(-145)?
3, 5
Let z = -6228 + 8959. List the prime factors of z.
2731
Let q be (3 + -2)/(1/2). Suppose -q*g = -1 - 25. Let z(y) = -y**3 + 12*y**2 + 17*y + 25. What are the prime factors of z(g)?
7, 11
Suppose -2*i + 2*w + 1604 = 0, -2*i + 17*w = 14*w - 1606. Let b = i + -81. List the prime factors of b.
719
Let j = 21404 + -7619. List the prime factors of j.
3, 5, 919
Let t be (-171640)/(-24) - (-2)/6. List the prime factors of 3/7 + t/21.
11, 31
Suppose 0 = -x + 40 - 36. Let n be -23*(-4 + (-4 - x/(-4))). Suppose -5*d + 544 + n = 0. List the prime factors of d.
3, 47
Let a(s) be the second derivative of -s**5/20 - s**4/6 + 3*s**3/2 + 2*s**2 - 12*s. Let i = -40 - -33. List the prime factors of a(i).
2, 3, 31
Let w(s) = 30*s**3 - 381*s**2 - 12*s + 43. What are the prime factors of w(14)?
73, 103
Suppose 17*r - 5*r - 2568 = 0. Suppose 4*o - 370 - r = -4*p, 12 = 4*o. List the prime factors of p.
11, 13
Let c = -17391 + 35520. What are the prime factors of c?
3, 6043
Let s(z) be the first derivative of 6 + 24*z - 1/4*z**4 + 20/3*z**3 - 13*z**2. What are the prime factors of s(18)?
2, 3, 17
Suppose -28*v + 133329 = 21*v. What are the prime factors of v?
3, 907
What are the prime factors of (20205 - 4) + (-182)/13?
3, 2243
Let t(f) = 299*f - 8. Let i(a) = -599*a + 17. Let c(p) = 2*i(p) + 5*t(p). Let o = 83 + -82. List the prime factors of c(o).
3, 97
Let a be ((-9 - -9) + 0)/3. Suppose 0 = -u + 4*b + 198, -b + 1 = 5. What are the prime factors of 1/(a - (-2)/u)?
7, 13
Let q = 33 + -33. Suppose -2*l + 45 = -f - q*f, 5*l = -2*f + 90. Suppose -l - 172 = -3*w. What are the prime factors of w?
2
Let o = -4904 + 8628. What are the prime factors of -1 + 2/4 - o/(-8)?
3, 5, 31
Let h(n) = -70*n - 3. Let q be h(-8). Suppose -5*c = -5*s + q + 1573, 0 = -4*s + 5*c + 1700. What are the prime factors of s?
2, 5, 43
Suppose 2*t - 55784 = -4*h, 3*t - 41346 = -3*h + 42339. List the prime factors of t.
2, 13, 29, 37
Let o(n) = 3*n - 219 + n**3 - 8*n**2 + 6*n**2 - n**2 + 844. List the prime factors of o(0).
5
Let r(o) = -14*o - 10. Let f be 16/(-3)*(2 - (-3)/3). What are the prime factors of r(f)?
2, 107
Suppose 7 = -y - v, 3*v + 1 = 3*y - 2. Let w be (-3 - 8)/(y/6). Suppose 0 = -w*z + 19*z + 87. What are the prime factors of z?
29
List the prime factors of (1/(6/(-2558)))/(-8 + 10538/1320).
2, 5, 1279
Let t(j) be the second derivative of 8*j**3/3 - 65*j**2/2 - 12*j. What are the prime factors of t(18)?
223
Let x = 35 + -41. Let h be x/(-21) + (-535)/35. Let p = h + 172. What are the prime factors of p?
157
Let g(d) = 3*d + 3. Let x be g(-1). Suppose -6*y + 10*y - 184 = x. Let f = y - -8. What are the prime factors of f?
2, 3
Let x(z) = 70*z**2 + 244*z + 19. What are the prime factors of x(7)?
3, 191
Suppose 0 = -3*z - 4*i - 114 - 50, -i - 5 = 0. Let w = 49 - z. What are the prime factors of w?
97
What are the prime factors of 10/(4/(-22420)*-10)?
5, 19, 59
Let t be (4/(-3))/(-4) - 20/15. Let c = 1 + t. Suppose -2*b + 4*p + 84 = -c*b, -3*b + 134 = -2*p. List the prime factors of b.
2, 23
Let m = -2830 - -3802. What are the prime factors of m?
2, 3
Suppose -771179 + 258233 = -14*l. Suppose -22*h = -45*h + l. What are the prime factors of h?
3, 59
Let h(a) = 6*a**2 + 26*a - 14. Let n be h(25). List the prime factors of (-2 + n/24)/(9/24).
2, 241
Let p = 1916 + 614. What are the prime factors of (3*(-2)/5)/((-92)/p)?
3, 11
Suppose -7*u - 2*u - 17*u + 206258 = 0. List the prime factors of u.
7933
Let s = 8 - 9. List the prime factors of ((-176)/(-20) - 8)/(s/(-45)).
2, 3
Let w = -13 - -16. Suppose -4*z = -w*s - 3 + 7, -4 = -2*z. Suppose -s*g = -20, 2*j - 354 = -2*j - 2*g. What are the prime factors of j?
2, 43
Let n(o) = -5961*o - 2543. List the prime factors of n(-4).
7, 17, 179
Suppose 296*s - 288*s - 40 = 0. Suppose -s*t = 4*a + 2078 - 10147, -a = -5*t + 8089. List the prime factors of t.
3, 7, 11
List the prime factors of 6 + (1 - (-5308)/(-28))/(17/(-2499)).
2, 3, 4621
Let h be 87*(-3)/(-9) - -4. Let l be (-376)/(-20)*(-45)/(-18). Let b = h + l. What are the prime factors of b?
2, 5
Suppose 9*t - 150 = 4*t. Suppose 5380 = -10*r + t*r. List the prime factors of r.
269
Let a = 86 + -84. Suppose 0 = -a*z - n + 525, -3*z + 2*z + n = -267. List the prime factors of z.
2, 3, 11
Let f(s) = s**3 - 18*s**2 + 18*s + 13. Let r be f(17). Suppose 33*h = r*h - 21. Let q = 90 + h. What are the prime factors of q?
83
Suppose -3 = c, r - 2 = 2*c + 4. Suppose 17*u - 10864 - 14330 = r. What are the prime factors of u?
2, 3, 13, 19
Let z = 19855 + -8130. What are the prime factors of z?
5, 7, 67
Let i(g) = 17100*g**2 - 27*g + 31. What are the prime factors of i(1)?
2, 1069
Let r = -9 + -30. Let j = r + 41. Suppose -81 = -b + j*s, 2*s + s = 2*b - 159. What are the prime factors of b?
3, 5
Suppose -139*h + 18*h = 54*h - 14126350. List the prime factors of h.
2, 40361
Let l(z) be the first derivative of 74*z**2 + 99*z - 82. What are the prime factors of l(4)?
691
Suppose -74979 = -39*f + 11835. What are the prime factors of f?
2, 3, 7, 53
Let n(u) = 69*u - 7. Let z be n(1). Let m = 134 - z. List the prime factors of m.
2, 3
Let r = -14232 - -31776. List the prime factors of r.
2, 3, 17, 43
Let r = -134 - -68. Let c = 69 + r. Suppose 582 = -c*a + 6*a. What are the prime factors of a?
2, 97
Let j be -15*((-2)/4 + 10/12). List the prime factors of 0 + (-6 - j - (-1224)/2).
13, 47
What are the prime factors of 21 - 24 - (-6223 + 2)?
2, 3109
Let w be 3 + (-70)/25 - 38/(-10). Suppose 0*i = -w*i - 2*r + 1930, -5*i - 3*r + 2410 = 0. Suppose -h = -6*h + i. What are the prime factors of h?
97
Suppose 37*o + 6*o = 430. Suppose -4190 = 5*u - o*u. What are the prime factors of u?
2, 419
Let d = 10054 + -1794. List the prime factors of d.
2, 5, 7, 59
Suppose -2*i = -2*y + 2*i - 14, 0 = -5*y + 2*i + 5. Suppose c - 4 = 0, -21*c - 892 = -y*q - 16*c. List the prime factors of q.
2, 19
Suppose 2*u = -11*r + 9*r + 68, -r = -u + 30. Let x be (3/(-1) - -3) + 59. Let l = x - u. List the prime factors of l.
3
Suppose -3*n = -2*d - 45330, 60447 = 4*n - 64*d + 59*d. List the prime factors of n.
2, 3, 1259
Let a be (-1)/(55/(-50) + 1). Let u(l) = -7*l**2 + 3 - a*l + 1 + 3 + l - l**3. List the prime factors of u(-8).
11, 13
Let v(m) = -m - 6. Let l be v(-7). Let b be 144 + l - (-4 - -4). Suppose -3*z + b = 4*q, 4*z - q = q + 208. List the prime factors of z.
3, 17
Let n(d) = d**3 - 8*d**2 - 23*d - 35. Let l(t) = -t**3 - 7*t**2 - 12*t - 25. Let x be l(-6). What are the prime factors of n(x)?
3, 5
Suppose -4*r + 15106 = -2*v, -3*r - 287 = 5*v - 11584. List the prime factors of r.
2, 3, 17, 37
Let p = 11277 - 6363. List the prime factors of p.
2, 3, 7, 13
Let c(q) = 10*q**2 + 321*q + 258. List the prime factors of c(-75).
3, 19, 569
Let m(l) = -l**3 + 10*l**2 - 9*l + 3. Let n be m(6). Let b be ((-9)/(-6))/((-60)/(-160)). Suppose -y - b = -n. What are the prime factors of y?
89
Let z(o) = o**3 - 5*o**2 - 4*o - 9. Let u be z(6). Let a(c) = 11*c**2 + c - 10. Let i be a(u). Let n = i + -60. What are the prime factors of n?
2
Let d = 2890 - -176. List the prime factors of d.
2, 3, 7, 73
Let b = 35813 - 20672. List the prime factors of b.
3, 7, 103
Let f = 3412 - 3114. What are the prime factors of f?
2, 149
Let i(y) = y**2 + y - 1. Let f(s) = 3*s**2 + 10*s + 59. Let m(h) = f(h) - 2*i(h). What are the prime factors of m(-29)?
2, 5, 67
Suppose -n + 0 = -3*b - 2, 3*n = 3*b. Let p be -5 - -13 - b/1*-2. What are the prime factors of ((-5)/(-15) + 31/p)*32?
2, 11
List the prime factors of (-85292)/(-10)*((-10)/20 + 3) - -1.
2, 3, 1777
Suppose -5*d = h - 16, -3*h - d = -5*h + 54. L